{"id":5943,"date":"2016-03-04T22:20:09","date_gmt":"2016-03-04T21:20:09","guid":{"rendered":"http:\/\/www.mediaart.co.at\/wordpress\/?page_id=5943"},"modified":"2022-05-05T13:23:06","modified_gmt":"2022-05-05T11:23:06","slug":"mediaart-2","status":"publish","type":"page","link":"https:\/\/www.mediaart.co.at\/wordpress\/mediaart-2\/","title":{"rendered":"mediaart"},"content":{"rendered":"<section class=\"l-section wpb_row height_small with_overlay\"><div class=\"l-section-overlay\" style=\"background: #ffffff\"><\/div><div class=\"l-section-h i-cf\"><div class=\"g-cols vc_row type_default valign_top\"><div class=\"vc_col-sm-12 wpb_column vc_column_container\"><div class=\"vc_column-inner\"><div class=\"wpb_wrapper\"><div class=\"wpb_text_column\" ><div class=\"wpb_wrapper\"><h1 style=\"text-align: center;\"><span style=\"color: #464646;\">mediaart Filmproduktion<\/span><\/h1>\n<h6 style=\"text-align: center;\"><span style=\"color: #464646;\">Bewegte Bilder sprechen die Gef\u00fchlswelt st\u00e4rker an als jedes andere Medium<strong>.<\/strong><\/span><\/h6>\n<\/div><\/div><\/div><\/div><\/div><\/div><\/div><\/section><section class=\"l-section wpb_row height_auto color_primary with_overlay\"><div class=\"l-section-overlay\" style=\"background: #ffffff\"><\/div><div class=\"l-section-h i-cf\"><div class=\"g-cols vc_row type_default valign_top\"><div class=\"vc_col-sm-12 wpb_column vc_column_container has_text_color\"><div class=\"vc_column-inner us_custom_a08b189f\"><div class=\"wpb_wrapper\"><div class=\"wpb_text_column\" ><div class=\"wpb_wrapper\"><h6><span style=\"color: #464646;\">Genau deshalb sind Sie bei uns genau richtig. Denn wir wissen von was wir reden. Wir beherrschen alle Filmdisziplinen &#8211; und das alles aus einer Hand. Wir stellen Ihre W\u00fcnsche in den Mittelpunkt, entwickeln aus der Idee Ihr Drehbuch, erwecken Ihre Botschaften zum Leben, kurz: Wir zeigen Ihnen, was mit bewegten Bildern alles m\u00f6glich ist &#8211; Imagefilm, Dokumentation, Werbespot, Aerials, Animation oder Corporate Design.<\/span><\/h6>\n<\/div><\/div><\/div><\/div><\/div><\/div><\/div><\/section><section class=\"l-section wpb_row height_small color_alternate with_overlay\"><div class=\"l-section-overlay\" style=\"background: #ffffff\"><\/div><div class=\"l-section-h i-cf\"><div class=\"g-cols vc_row type_default valign_top\"><div class=\"vc_col-sm-6 wpb_column vc_column_container\"><div class=\"vc_column-inner\"><div class=\"wpb_wrapper\"><div class=\"w-image align_left\"><div class=\"w-image-h\"><img width=\"1024\" height=\"683\" src=\"https:\/\/www.mediaart.co.at\/wordpress\/wp-content\/uploads\/2021\/01\/Guenter-Fotosession-8246_klein-1024x683.jpg\" class=\"attachment-large size-large\" alt=\"\" loading=\"lazy\" srcset=\"https:\/\/www.mediaart.co.at\/wordpress\/wp-content\/uploads\/2021\/01\/Guenter-Fotosession-8246_klein-1024x683.jpg 1024w, https:\/\/www.mediaart.co.at\/wordpress\/wp-content\/uploads\/2021\/01\/Guenter-Fotosession-8246_klein-300x200.jpg 300w, https:\/\/www.mediaart.co.at\/wordpress\/wp-content\/uploads\/2021\/01\/Guenter-Fotosession-8246_klein-600x400.jpg 600w, https:\/\/www.mediaart.co.at\/wordpress\/wp-content\/uploads\/2021\/01\/Guenter-Fotosession-8246_klein-768x512.jpg 768w\" sizes=\"(max-width: 1024px) 100vw, 1024px\" \/><\/div><\/div><\/div><\/div><\/div><div class=\"vc_col-sm-6 wpb_column vc_column_container\"><div class=\"vc_column-inner\"><div class=\"wpb_wrapper\"><div class=\"wpb_text_column\" ><div class=\"wpb_wrapper\"><h4 style=\"text-align: left;\"><span style=\"color: #99cf13;\">G\u00fcnter Pachschw\u00f6ll<br \/>\n<span style=\"color: #464646;\">Gesch\u00e4ftsf\u00fchrer<\/span><\/span><\/h4>\n<h6>G\u00fcnter Pachschw\u00f6ll\u00a0fasziniert es seit 20 Jahren besondere Momente bildlich festzuhalten. Aus der Leidenschaft wurde Berufung: 2009 gr\u00fcndete er seine Full Service Filmagentur mediaart Filmproduktion. Um weitere Erfahrungen in der Filmwelt zu sammeln, absolvierte er\u00a0das\u00a0Studium Film und Animation der SAE.<br \/>\nNeben seiner Leidenschaft dem Filmen z\u00e4hlt das Segeln noch zu seiner gro\u00dfen Begeisterung. Mit dem Blick aufs Heck h\u00e4lt er Stimmungen von Sonne, Wind und Sturm in bewegten Bildern f\u00fcr seine Segelkunden\u00a0fest.<\/h6>\n<h6>Neben der pers\u00f6nlichen Beratung und Betreuung durch G\u00fcnter Pachschw\u00f6ll sorgt ein hochqualifiziertes\u00a0Netzwerk aus Partnern f\u00fcr Ihre optimale Servicierung.<\/h6>\n<\/div><\/div><\/div><\/div><\/div><\/div><\/div><\/section><section class=\"l-section wpb_row height_small color_alternate with_overlay\"><div class=\"l-section-overlay\" style=\"background: #ffffff\"><\/div><div class=\"l-section-h i-cf\"><div class=\"g-cols vc_row type_default valign_top\"><div class=\"vc_col-sm-12 wpb_column vc_column_container has_text_color\"><div class=\"vc_column-inner us_custom_6df4bc3a\"><div class=\"wpb_wrapper\"><div class=\"w-tabs us_custom_4fb9e5a3 layout_hor style_timeline zephyr switch_click icon_chevron iconpos_right title_atleft\"><div class=\"w-tabs-list hidden items_4 stretch\" style=\"text-transform:uppercase;\"><div class=\"w-tabs-list-h\"><a class=\"w-tabs-item active\" aria-controls=\"content-69ef4d181e8d4\" href=\"javascript:void(0);\"><span class=\"w-tabs-item-title\">WIR<\/span><\/a><a class=\"w-tabs-item\" aria-controls=\"content-1377359144-1-100\" href=\"javascript:void(0);\"><span class=\"w-tabs-item-title\">SIND<\/span><\/a><a class=\"w-tabs-item\" aria-controls=\"content-1377359144-2-22\" href=\"javascript:void(0);\"><span class=\"w-tabs-item-title\">IHR<\/span><\/a><a class=\"w-tabs-item\" aria-controls=\"content-1377361385075-3-7\" href=\"javascript:void(0);\"><span class=\"w-tabs-item-title\">TEAM<\/span><\/a><\/div><\/div><div class=\"w-tabs-sections\"><div class=\"w-tabs-sections-h\"><div class=\"w-tabs-section active has_text_color\" id=\"69ef4d181e8d4\" style=\"color:#464646;\"><button aria-controls=\"content-69ef4d181e8d4\" class=\"w-tabs-section-header active\"><div class=\"w-tabs-section-header-h\"><div class=\"w-tabs-section-title\">WIR<\/div><div class=\"w-tabs-section-control\"><\/div><\/div><\/button><div class=\"w-tabs-section-content\" id=\"content-69ef4d181e8d4\" aria-expanded=\"true\"><div class=\"w-tabs-section-content-h i-cf\"><div class=\"wpb_text_column\" ><div class=\"wpb_wrapper\"><p>WIR&#8230;<br \/>\n&#8230; haben eine pers\u00f6nliche Leidenschaft f\u00fcr das Filmen.<br \/>\n&#8230; h\u00f6ren Ihnen nicht nur zu, wir h\u00f6ren hin.<br \/>\n&#8230; lieben was wir tun.<\/p>\n<\/div><\/div><\/div><\/div><\/div><div class=\"w-tabs-section has_text_color\" id=\"1377359144-1-100\" style=\"color:#464646;\"><button aria-controls=\"content-1377359144-1-100\" class=\"w-tabs-section-header\"><div class=\"w-tabs-section-header-h\"><div class=\"w-tabs-section-title\">SIND<\/div><div class=\"w-tabs-section-control\"><\/div><\/div><\/button><div class=\"w-tabs-section-content\" id=\"content-1377359144-1-100\" aria-expanded=\"false\"><div class=\"w-tabs-section-content-h i-cf\"><div class=\"wpb_text_column\" ><div class=\"wpb_wrapper\"><p>SIND&#8230;<br \/>\n&#8230; Ihnen perfektes Auftreten nach au\u00dfen in Film, Bild und Ton wichtig?<br \/>\n&#8230; Ihnen professionelles Handwerk\u00a0und Termintreue ein Anliegen?<br \/>\n&#8230; Ihnen hochwertige Filme aus einer Hand von Bedeutung?<\/p>\n<\/div><\/div><\/div><\/div><\/div><div class=\"w-tabs-section has_text_color\" id=\"1377359144-2-22\" style=\"color:#464646;\"><button aria-controls=\"content-1377359144-2-22\" class=\"w-tabs-section-header\"><div class=\"w-tabs-section-header-h\"><div class=\"w-tabs-section-title\">IHR<\/div><div class=\"w-tabs-section-control\"><\/div><\/div><\/button><div class=\"w-tabs-section-content\" id=\"content-1377359144-2-22\" aria-expanded=\"false\"><div class=\"w-tabs-section-content-h i-cf\"><div class=\"wpb_text_column\" ><div class=\"wpb_wrapper\"><p>IHRE&#8230;<br \/>\n&#8230; Anliegen sind unsere Motivation, Ihre\u00a0Ideen\u00a0perfekt in Szene zu setzen.<br \/>\n&#8230; Budgetanliegen werden von uns in Augenh\u00f6he realistisch kalkuliert.<br \/>\n&#8230; Filmanliegen werden von unseren besten K\u00f6pfen umgesetzt.<\/p>\n<\/div><\/div><\/div><\/div><\/div><div class=\"w-tabs-section has_text_color\" id=\"1377361385075-3-7\" style=\"color:#464646;\"><button aria-controls=\"content-1377361385075-3-7\" class=\"w-tabs-section-header\"><div class=\"w-tabs-section-header-h\"><div class=\"w-tabs-section-title\">TEAM<\/div><div class=\"w-tabs-section-control\"><\/div><\/div><\/button><div class=\"w-tabs-section-content\" id=\"content-1377361385075-3-7\" aria-expanded=\"false\"><div class=\"w-tabs-section-content-h i-cf\"><div class=\"wpb_text_column\" ><div class=\"wpb_wrapper\"><p>UNSER TEAM&#8230;<br \/>\n&#8230; setzt Ihre Botschaften in Motion.<br \/>\n&#8230; ist f\u00fcr Ihr Filmprojekt ma\u00dfgeschneidert.<br \/>\n&#8230; bringt zielgerichtete Kreativit\u00e4t f\u00fcr Sie.<\/p>\n<\/div><\/div><\/div><\/div><\/div><\/div><\/div><\/div><\/div><\/div><\/div><\/div><\/div><\/section><section class=\"l-section wpb_row height_small color_primary\"><div class=\"l-section-h i-cf\"><div class=\"g-cols vc_row type_default valign_top\"><div class=\"vc_col-sm-12 wpb_column vc_column_container\"><div class=\"vc_column-inner\"><div class=\"wpb_wrapper\"><div class=\"w-actionbox color_primary controls_right\"><div class=\"w-actionbox-text\"><h3>Sie wollen auch einen bewegten Auftritt?<\/h3><\/div><div class=\"w-actionbox-controls\"><a class=\"w-btn us-btn-style_4\" href=\"http:\/\/www.mediaart.co.at\/wordpress\/kontakt\/\" style=\"font-size:19px;\"><span class=\"w-btn-label\">Dann dr\u00fccken Sie mich.<\/span><\/a><\/div><\/div><\/div><\/div><\/div><\/div><\/div><\/section>\n","protected":false},"excerpt":{"rendered":"mediaart Filmproduktion Bewegte Bilder sprechen die Gef\u00fchlswelt st\u00e4rker an als jedes andere Medium. Genau deshalb sind Sie bei uns genau richtig. Denn wir wissen von was wir reden. Wir beherrschen alle Filmdisziplinen &#8211; und das alles aus einer Hand. Wir stellen Ihre W\u00fcnsche in den Mittelpunkt, entwickeln aus der Idee Ihr Drehbuch, erwecken Ihre Botschaften...","protected":false},"author":1,"featured_media":0,"parent":0,"menu_order":0,"comment_status":"closed","ping_status":"closed","template":"","meta":[],"aioseo_notices":[],"_links":{"self":[{"href":"https:\/\/www.mediaart.co.at\/wordpress\/wp-json\/wp\/v2\/pages\/5943"}],"collection":[{"href":"https:\/\/www.mediaart.co.at\/wordpress\/wp-json\/wp\/v2\/pages"}],"about":[{"href":"https:\/\/www.mediaart.co.at\/wordpress\/wp-json\/wp\/v2\/types\/page"}],"author":[{"embeddable":true,"href":"https:\/\/www.mediaart.co.at\/wordpress\/wp-json\/wp\/v2\/users\/1"}],"replies":[{"embeddable":true,"href":"https:\/\/www.mediaart.co.at\/wordpress\/wp-json\/wp\/v2\/comments?post=5943"}],"version-history":[{"count":58,"href":"https:\/\/www.mediaart.co.at\/wordpress\/wp-json\/wp\/v2\/pages\/5943\/revisions"}],"predecessor-version":[{"id":6987,"href":"https:\/\/www.mediaart.co.at\/wordpress\/wp-json\/wp\/v2\/pages\/5943\/revisions\/6987"}],"wp:attachment":[{"href":"https:\/\/www.mediaart.co.at\/wordpress\/wp-json\/wp\/v2\/media?parent=5943"}],"curies":[{"name":"wp","href":"https:\/\/api.w.org\/{rel}","templated":true}]}}

<section class="l-section wpb_row height_small with_overlay"><div class="l-section-overlay" style="background: #ffffff"></div><div class="l-section-h i-cf"><div class="g-cols vc_row type_default valign_top"><div class="vc_col-sm-12 wpb_column vc_column_container"><div class="vc_column-inner"><div class="wpb_wrapper"><div class="wpb_text_column" ><div class="wpb_wrapper"><h1 style="text-align: center;"><span style="color: #464646;">mediaart Filmproduktion</span></h1>
<h6 style="text-align: center;"><span style="color: #464646;">Bewegte Bilder sprechen die Gefühlswelt stärker an als jedes andere Medium<strong>.</strong></span></h6>
</div></div></div></div></div></div></div></section><section class="l-section wpb_row height_auto color_primary with_overlay"><div class="l-section-overlay" style="background: #ffffff"></div><div class="l-section-h i-cf"><div class="g-cols vc_row type_default valign_top"><div class="vc_col-sm-12 wpb_column vc_column_container has_text_color"><div class="vc_column-inner us_custom_a08b189f"><div class="wpb_wrapper"><div class="wpb_text_column" ><div class="wpb_wrapper"><h6><span style="color: #464646;">Genau deshalb sind Sie bei uns genau richtig. Denn wir wissen von was wir reden. Wir beherrschen alle Filmdisziplinen &#8211; und das alles aus einer Hand. Wir stellen Ihre Wünsche in den Mittelpunkt, entwickeln aus der Idee Ihr Drehbuch, erwecken Ihre Botschaften zum Leben, kurz: Wir zeigen Ihnen, was mit bewegten Bildern alles möglich ist &#8211; Imagefilm, Dokumentation, Werbespot, Aerials, Animation oder Corporate Design.</span></h6>
</div></div></div></div></div></div></div></section><section class="l-section wpb_row height_small color_alternate with_overlay"><div class="l-section-overlay" style="background: #ffffff"></div><div class="l-section-h i-cf"><div class="g-cols vc_row type_default valign_top"><div class="vc_col-sm-6 wpb_column vc_column_container"><div class="vc_column-inner"><div class="wpb_wrapper"><div class="w-image align_left"><div class="w-image-h"><img width="1024" height="683" src="https://www.mediaart.co.at/wordpress/wp-content/uploads/2021/01/Guenter-Fotosession-8246_klein-1024x683.jpg" class="attachment-large size-large" alt="" loading="lazy" srcset="https://www.mediaart.co.at/wordpress/wp-content/uploads/2021/01/Guenter-Fotosession-8246_klein-1024x683.jpg 1024w, https://www.mediaart.co.at/wordpress/wp-content/uploads/2021/01/Guenter-Fotosession-8246_klein-300x200.jpg 300w, https://www.mediaart.co.at/wordpress/wp-content/uploads/2021/01/Guenter-Fotosession-8246_klein-600x400.jpg 600w, https://www.mediaart.co.at/wordpress/wp-content/uploads/2021/01/Guenter-Fotosession-8246_klein-768x512.jpg 768w" sizes="(max-width: 1024px) 100vw, 1024px" /></div></div></div></div></div><div class="vc_col-sm-6 wpb_column vc_column_container"><div class="vc_column-inner"><div class="wpb_wrapper"><div class="wpb_text_column" ><div class="wpb_wrapper"><h4 style="text-align: left;"><span style="color: #99cf13;">Günter Pachschwöll<br />
<span style="color: #464646;">Geschäftsführer</span></span></h4>
<h6>Günter Pachschwöll fasziniert es seit 20 Jahren besondere Momente bildlich festzuhalten. Aus der Leidenschaft wurde Berufung: 2009 gründete er seine Full Service Filmagentur mediaart Filmproduktion. Um weitere Erfahrungen in der Filmwelt zu sammeln, absolvierte er das Studium Film und Animation der SAE.<br />
Neben seiner Leidenschaft dem Filmen zählt das Segeln noch zu seiner großen Begeisterung. Mit dem Blick aufs Heck hält er Stimmungen von Sonne, Wind und Sturm in bewegten Bildern für seine Segelkunden fest.</h6>
<h6>Neben der persönlichen Beratung und Betreuung durch Günter Pachschwöll sorgt ein hochqualifiziertes Netzwerk aus Partnern für Ihre optimale Servicierung.</h6>
</div></div></div></div></div></div></div></section><section class="l-section wpb_row height_small color_alternate with_overlay"><div class="l-section-overlay" style="background: #ffffff"></div><div class="l-section-h i-cf"><div class="g-cols vc_row type_default valign_top"><div class="vc_col-sm-12 wpb_column vc_column_container has_text_color"><div class="vc_column-inner us_custom_6df4bc3a"><div class="wpb_wrapper"><div class="w-tabs us_custom_4fb9e5a3 layout_hor style_timeline zephyr switch_click icon_chevron iconpos_right title_atleft"><div class="w-tabs-list hidden items_4 stretch" style="text-transform:uppercase;"><div class="w-tabs-list-h"><a class="w-tabs-item active" aria-controls="content-69ef4d181e8d4" href="javascript:void(0);"><span class="w-tabs-item-title">WIR</span></a><a class="w-tabs-item" aria-controls="content-1377359144-1-100" href="javascript:void(0);"><span class="w-tabs-item-title">SIND</span></a><a class="w-tabs-item" aria-controls="content-1377359144-2-22" href="javascript:void(0);"><span class="w-tabs-item-title">IHR</span></a><a class="w-tabs-item" aria-controls="content-1377361385075-3-7" href="javascript:void(0);"><span class="w-tabs-item-title">TEAM</span></a></div></div><div class="w-tabs-sections"><div class="w-tabs-sections-h"><div class="w-tabs-section active has_text_color" id="69ef4d181e8d4" style="color:#464646;"><button aria-controls="content-69ef4d181e8d4" class="w-tabs-section-header active"><div class="w-tabs-section-header-h"><div class="w-tabs-section-title">WIR</div><div class="w-tabs-section-control"></div></div></button><div class="w-tabs-section-content" id="content-69ef4d181e8d4" aria-expanded="true"><div class="w-tabs-section-content-h i-cf"><div class="wpb_text_column" ><div class="wpb_wrapper"><p>WIR&#8230;<br />
&#8230; haben eine persönliche Leidenschaft für das Filmen.<br />
&#8230; hören Ihnen nicht nur zu, wir hören hin.<br />
&#8230; lieben was wir tun.</p>
</div></div></div></div></div><div class="w-tabs-section has_text_color" id="1377359144-1-100" style="color:#464646;"><button aria-controls="content-1377359144-1-100" class="w-tabs-section-header"><div class="w-tabs-section-header-h"><div class="w-tabs-section-title">SIND</div><div class="w-tabs-section-control"></div></div></button><div class="w-tabs-section-content" id="content-1377359144-1-100" aria-expanded="false"><div class="w-tabs-section-content-h i-cf"><div class="wpb_text_column" ><div class="wpb_wrapper"><p>SIND&#8230;<br />
&#8230; Ihnen perfektes Auftreten nach außen in Film, Bild und Ton wichtig?<br />
&#8230; Ihnen professionelles Handwerk und Termintreue ein Anliegen?<br />
&#8230; Ihnen hochwertige Filme aus einer Hand von Bedeutung?</p>
</div></div></div></div></div><div class="w-tabs-section has_text_color" id="1377359144-2-22" style="color:#464646;"><button aria-controls="content-1377359144-2-22" class="w-tabs-section-header"><div class="w-tabs-section-header-h"><div class="w-tabs-section-title">IHR</div><div class="w-tabs-section-control"></div></div></button><div class="w-tabs-section-content" id="content-1377359144-2-22" aria-expanded="false"><div class="w-tabs-section-content-h i-cf"><div class="wpb_text_column" ><div class="wpb_wrapper"><p>IHRE&#8230;<br />
&#8230; Anliegen sind unsere Motivation, Ihre Ideen perfekt in Szene zu setzen.<br />
&#8230; Budgetanliegen werden von uns in Augenhöhe realistisch kalkuliert.<br />
&#8230; Filmanliegen werden von unseren besten Köpfen umgesetzt.</p>
</div></div></div></div></div><div class="w-tabs-section has_text_color" id="1377361385075-3-7" style="color:#464646;"><button aria-controls="content-1377361385075-3-7" class="w-tabs-section-header"><div class="w-tabs-section-header-h"><div class="w-tabs-section-title">TEAM</div><div class="w-tabs-section-control"></div></div></button><div class="w-tabs-section-content" id="content-1377361385075-3-7" aria-expanded="false"><div class="w-tabs-section-content-h i-cf"><div class="wpb_text_column" ><div class="wpb_wrapper"><p>UNSER TEAM&#8230;<br />
&#8230; setzt Ihre Botschaften in Motion.<br />
&#8230; ist für Ihr Filmprojekt maßgeschneidert.<br />
&#8230; bringt zielgerichtete Kreativität für Sie.</p>
</div></div></div></div></div></div></div></div></div></div></div></div></div></section><section class="l-section wpb_row height_small color_primary"><div class="l-section-h i-cf"><div class="g-cols vc_row type_default valign_top"><div class="vc_col-sm-12 wpb_column vc_column_container"><div class="vc_column-inner"><div class="wpb_wrapper"><div class="w-actionbox color_primary controls_right"><div class="w-actionbox-text"><h3>Sie wollen auch einen bewegten Auftritt?</h3></div><div class="w-actionbox-controls"><a class="w-btn us-btn-style_4" href="http://www.mediaart.co.at/wordpress/kontakt/" style="font-size:19px;"><span class="w-btn-label">Dann drücken Sie mich.</span></a></div></div></div></div></div></div></div></section>

mediaart Filmproduktion Bewegte Bilder sprechen die Gefühlswelt stärker an als jedes andere Medium. Genau deshalb sind Sie bei uns genau richtig. Denn wir wissen von was wir reden. Wir beherrschen alle Filmdisziplinen &#8211; und das alles aus einer Hand. Wir stellen Ihre Wünsche in den Mittelpunkt, entwickeln aus der Idee Ihr Drehbuch, erwecken Ihre Botschaften...
